3368.
2, 11, 84811
What are the prime factors of 1389761?
31, 127, 353
What are the prime factors of 25978?
2, 31, 419
What are the prime factors of 24041659?
89, 270131
List the prime factors of 962933.
881, 1093
List the prime factors of 1418130.
2, 3, 5, 7, 2251
List the prime factors of 15366069.
3, 1707341
List the prime factors of 398378.
2, 17, 11717
List the prime factors of 531325.
5, 53, 401
List the prime factors of 1230533.
41, 30013
List the prime factors of 156297.
3, 53, 983
List the prime factors of 7292466.
2, 3, 19, 21323
List the prime factors of 181139.
7, 113, 229
What are the prime factors of 752412?
2, 3, 62701
What are the prime factors of 122622?
2, 3, 107, 191
List the prime factors of 1082405.
5, 216481
List the prime factors of 121754.
2, 17, 3581
What are the prime factors of 8538002?
2, 11, 35281
List the prime factors of 146831.
359, 409
What are the prime factors of 3166242?
2, 3, 523, 1009
List the prime factors of 44793.
3, 7, 79
List the prime factors of 288352.
2, 9011
List the prime factors of 506000.
2, 5, 11, 23
What are the prime factors of 23654014?
2, 11827007
What are the prime factors of 39076236?
2, 3, 19, 137, 139
List the prime factors of 6423214.
2, 7, 65543
List the prime factors of 6919581.
3, 2306527
What are the prime factors of 7287473?
7287473
List the prime factors of 50261.
50261
List the prime factors of 1993196.
2, 107, 4657
What are the prime factors of 4388007?
3, 13, 59, 1907
What are the prime factors of 122333?
71, 1723
What are the prime factors of 226663?
226663
List the prime factors of 187375.
5, 1499
What are the prime factors of 2364777?
3, 103, 2551
What are the prime factors of 8284138?
2, 71, 227, 257
What are the prime factors of 39857780?
2, 5, 1992889
What are the prime factors of 29821450?
2, 5, 19, 31391
List the prime factors of 348406.
2, 29, 6007
List the prime factors of 578760.
2, 3, 5, 7, 13, 53
List the prime factors of 440118.
2, 3, 7, 499
What are the prime factors of 686028?
2, 3, 7, 8167
What are the prime factors of 243679?
67, 3637
What are the prime factors of 345228?
2, 3, 13, 2213
What are the prime factors of 1407948?
2, 3, 117329
What are the prime factors of 136919?
23, 5953
What are the prime factors of 365759?
365759
What are the prime factors of 5733302?
2, 23, 5419
List the prime factors of 561665.
5, 13, 8641
List the prime factors of 347494.
2, 7, 24821
What are the prime factors of 197459?
379, 521
What are the prime factors of 6060409?
1327, 4567
What are the prime factors of 1227962?
2, 613981
What are the prime factors of 50719?
67, 757
What are the prime factors of 394963?
394963
What are the prime factors of 1848034?
2, 31, 41, 727
What are the prime factors of 2346963?
3, 41, 19081
What are the prime factors of 3941976?
2, 3, 164249
What are the prime factors of 6804027?
3, 252001
List the prime factors of 1616872.
2, 202109
List the prime factors of 598905.
3, 5, 13309
List the prime factors of 1579930.
2, 5, 11, 53, 271
What are the prime factors of 478152?
2, 3, 29, 229
What are the prime factors of 82305?
3, 5, 31, 59
What are the prime factors of 10373828?
2, 23, 112759
What are the prime factors of 2260393?
2260393
List the prime factors of 1544084.
2, 37, 10433
What are the prime factors of 95036?
2, 23, 1033
What are the prime factors of 4636153?
151, 30703
What are the prime factors of 370392?
2, 3, 11, 23, 61
What are the prime factors of 872962?
2, 436481
What are the prime factors of 1557551?
1557551
List the prime factors of 626935.
5, 125387
List the prime factors of 398598.
2, 3, 31, 2143
List the prime factors of 3192311.
17, 79, 2377
List the prime factors of 2258722.
2, 17, 31, 2143
List the prime factors of 3353664.
2, 3, 17467
List the prime factors of 391147.
599, 653
What are the prime factors of 3189894?
2, 3, 59, 9011
List the prime factors of 128634.
2, 3, 11, 1949
What are the prime factors of 295729?
7, 83, 509
What are the prime factors of 210801?
3, 29, 2423
What are the prime factors of 147276?
2, 3, 4091
What are the prime factors of 5956589?
61, 97649
List the prime factors of 11828288.
2, 29, 6373
List the prime factors of 693639.
3, 37, 2083
List the prime factors of 6078801.
3, 271, 7477
What are the prime factors of 112406?
2, 7, 31, 37
What are the prime factors of 515519?
515519
What are the prime factors of 261824?
2, 4091
What are the prime factors of 2005914?
2, 3, 334319
What are the prime factors of 4859024?
2, 303689
List the prime factors of 1526386.
2, 29, 26317
What are the prime factors of 510260?
2, 5, 31, 823
What are the prime factors of 2088201?
3, 696067
List the prime factors of 4231222.
2, 47, 45013
List the prime factors of 5198601.
3, 1732867
List the prime factors of 1663695.
3, 5, 11, 3361
List the prime factors of 2344.
2, 293
List the prime factors of 1243173.
3, 23, 43, 419
List the prime factors of 132942.
2, 3, 22157
What are the prime factors of 166064?
2, 97, 107
What are the prime factors of 66241?
7, 9463
List the prime factors of 16519356.
2, 3, 7, 21851
List the prime factors of 30402.
2, 3, 563
What are the prime factors of 354767?
7, 59, 859
What are the prime factors of 580467?
3, 181, 1069
What are the prime factors of 7543893?
3, 7, 19, 37, 73
List the prime factors of 19129163.
223, 85781
List the prime factors of 653596.
2, 53, 3083
What are the prime factors of 569804?
2, 167, 853
What are the prime factors of 1557598?
2, 7, 71, 1567
List the prime factors of 2760315.
3, 5, 59, 3119
List the prime factors of 136178.
2, 7, 71, 137
List the prime factors of 1097132.
2, 274283
List the prime factors of 248919.
3, 11, 19, 397
What are the prime factors of 6862237?
17, 403661
What are the prime factors of 207079?
207079
List the prime factors of 304146.
2, 3, 61, 277
List the prime factors of 7537277.
11, 719, 953
List the prime factors of 85112.
2, 10639
List the prime factors of 734788.
2, 183697
List the prime factors of 738327.
3, 17, 31, 467
What are the prime factors of 153947?
153947
List the prime factors of 6315.
3, 5, 421
What are the prime factors of 1214870?
2, 5, 121487
What are the prime factors of 1087852?
2, 31, 283
List the prime factors of 2791023.
3, 31, 30011
What are the prime factors of 8520978?
2, 3, 17, 139, 601
List the prime factors of 3799760.
2, 5, 47497
What are the prime factors of 2704503?
3, 901501
What are the prime factors of 10558110?
2, 3, 5, 19, 18523
List the prime factors of 78715.
5, 7, 13, 173
What are the prime factors of 1606393?
19, 59, 1433
List the prime factors of 121441.
121441
List the prime factors of 16605698.
2, 883, 9403
List the prime factors of 2873973.
3, 957991
List the prime factors of 381822.
2, 3, 7, 9091
List the prime factors of 55545.
3, 5, 7, 23
What are the prime factors of 395487?
3, 43943
List the prime factors of 3332450.
2, 5, 11, 73, 83
What are the prime factors of 7817597?
71, 103, 1069
What are the prime factors of 4675035?
3, 5, 229, 1361
List the prime factors of 187288.
2, 41, 571
List the prime factors of 510870.
2, 3, 5, 17029
List the prime factors of 19399806.
2, 3, 41, 97, 271
What are the prime factors of 13583691?
3, 11, 137209
List the prime factors of 8401874.
2, 13, 323149
List the prime factors of 1222916.
2, 19, 16091
List the prime factors of 147263.
147263
List the prime factors of 1261814.
2, 630907
What are the prime factors of 214353?
3, 17, 467
What are the prime factors of 3083991?
3, 179, 5743
List the prime factors of 890312.
2, 109, 1021
What are the prime factors of 10445569?
997, 10477
List the prime factors of 24633228.
2, 3, 2052769
What are the prime factors of 2628661?
7, 375523
List the prime factors of 4554108.
2, 3, 13, 37, 263
What are the prime factors of 1362515?
5, 7, 11, 3539
What are the prime factors of 28130?
2, 5, 29, 97
What are the prime factors of 24619129?
1361, 18089
What are the prime factors of 772606?
2, 386303
What are the prime factors of 1056329?
17, 62137
List the prime factors of 1697546.
2, 47, 18059
What are the prime factors of 191257?
11, 17387
List the prime factors of 373891.
7, 31, 1723
List the prime factors of 10667049.
3, 229, 15527
List the prime factors of 5100052.
2, 821, 1553
What are the prime factors of 3400968?
2, 3,